 = 0. Calculate the highest common divisor of d and c.
57
Suppose -175 - 203 = -2*y. Suppose -2*r = 3056 - 3098. Calculate the highest common factor of r and y.
21
Let h be 5 + ((-2)/(-8) - (-10665)/60). Suppose 4*f - 45 = h. What is the greatest common divisor of 76 and f?
19
Suppose -8*v - 195 = -5*v. Let t = 69 + v. Calculate the highest common divisor of 10 and t.
2
Let r be (-9 - -10) + 10/5. Suppose 17*m - 1852 - 4013 = 0. What is the greatest common factor of m and r?
3
Let u(a) = -473*a - 1794. Let n be u(-4). Calculate the highest common factor of 15386 and n.
98
Let x(t) = 99*t**3 + t**2 + 13*t - 22. Let q be x(2). Calculate the greatest common divisor of q and 64.
32
Suppose -y - 2*q = -686, 12*y = 7*y + 2*q + 3430. What is the highest common factor of y and 21?
7
Suppose -2*d + o - 1039 = 0, -o + 4*o + 537 = -d. Let q = d - -640. What is the greatest common factor of 177 and q?
59
Let f be -2*((-25051)/26 - -9). What is the highest common factor of f and 83?
83
Let y(r) = 0*r - 2*r - 4 - 4*r**2 + 108*r**2 + 4*r - 9. Let k be y(4). Calculate the greatest common factor of 21 and k.
21
Let g(l) = -l**3 - 2*l**2 + 3*l - 36. Let a be g(-5). Let m = 0 - 1. Let y be ((-4)/m)/(2/54). Calculate the highest common factor of a and y.
12
Suppose -3*b + j = -819, 4*b + 20*j = 17*j + 1170. Let z be 153 - -1 - -1 - 0. Calculate the highest common divisor of b and z.
31
Let a be 1/((-9)/(-2748))*(6 + 198/12). Calculate the greatest common divisor of 90 and a.
30
Let n(u) = 9*u**2 + 243*u - 165. Let h be n(-28). What is the greatest common factor of h and 123?
3
Let s be (-837)/(-21) - (-12)/(-14). Let w = 226 - -73. Calculate the highest common divisor of w and s.
13
Suppose -5*q = -0*t - 5*t + 1875, 4*t = -q + 1515. Suppose -10*i + t = 8*i. Calculate the greatest common factor of i and 147.
21
Suppose 0 = -2*h + 12 + 18. Let d be (-6)/(-30) - (-48)/10. Suppose d*i = -456 + 1281. What is the greatest common divisor of h and i?
15
Suppose b + 0*b = 19. Let i = -198 + 320. Suppose 5*z + 27 = i. What is the greatest common factor of b and z?
19
Let m be (2236/(-6))/((664/(-1162))/(6/7)). Calculate the highest common factor of m and 43.
43
Let y(g) = -338*g - 3401. Let w be y(-57). What is the highest common factor of 95 and w?
95
Suppose 3*v - 8 = v. Suppose -3*y + 135 = -81. Suppose -44 = -2*w - x - 17, -5*w = -2*x - y. Calculate the highest common factor of v and w.
2
Let n(p) = p**3 + 11*p**2 - 95*p + 91. Let q be n(-14). What is the greatest common divisor of 1241 and q?
17
Let q(x) = x**3 - 22*x**2 + 133*x - 123. Let s be q(11). What is the greatest common divisor of 2340 and s?
9
Let a(x) = -11*x + 200. Let y be a(18). Let l be ((-14)/8)/(1/(-4)). Suppose -l*u + 110 = -y*u. Calculate the greatest common factor of 22 and u.
22
Let b = -2047 + 7667. Calculate the highest common factor of b and 20.
20
Let v = 19568 - 19491. Let k be 111/15 - 2/5. What is the highest common divisor of v and k?
7
Let w(f) be the third derivative of f**6/120 + f**5/10 - f**4/8 - 7*f**3/2 - 7*f**2 - 7*f. Let c be w(-5). Calculate the greatest common divisor of c and 1216.
19
Let u = -11898 - -12296. What is the highest common divisor of u and 12139?
199
Suppose 5*g = -3*w + 3068, -5*g + w + 1354 = -1730. Suppose -4*i = -2*m - 36 - 190, 0 = i + 19*m - 37. Calculate the highest common factor of i and g.
56
Let m(t) be the first derivative of t**4/4 + 29*t**3/3 + 51*t**2/2 - 27*t - 47. Let n be m(-27). Calculate the highest common factor of 18 and n.
18
Let l = 4456 + -4449. Calculate the highest common divisor of l and 21.
7
Let i = 9416 - 9414. What is the highest common divisor of 46 and i?
2
Let u = -57 - -29. Let n(j) = j**2 + 16*j - 86. Let q be n(u). Calculate the greatest common divisor of q and 100.
50
Suppose -112 = 2*d - 4*d. Let t = 826 + -825. Let v be (406/(-145))/(t/(-5)). What is the highest common factor of v and d?
14
Suppose 4*w + 42 = -3*j - 186, w + 70 = -4*j. Let a = w - -162. Let n = -83 + a. What is the highest common factor of 75 and n?
25
Let u be 52/24 - 5/30. Suppose -5 - 57 = -u*d - 3*q, -168 = -5*d - q. Calculate the highest common factor of 51 and d.
17
Let a = 923 - 939. Let l be (-1)/(8/2) - 116/a. What is the greatest common divisor of l and 4?
1
Suppose -4*g + 4984 = 4*a, -11*a + 15*a = 0. Suppose 0 = -36*f + 38*f - g. Calculate the greatest common divisor of 7 and f.
7
Let w be (3 - (-2 + 19))*(1 + 0). Let x be 7/w - (0 + (-6)/(-4)). Let l be ((-8)/(-20)*25)/((-1)/x). What is the highest common divisor of 180 and l?
20
Let q = 70 + -68. Suppose -q*i = 5*s - 0*i - 9, 0 = 3*s + i - 6. What is the highest common factor of s and 87?
3
Let o(a) = 557*a + 117. Let k be o(0). Calculate the greatest common factor of 2301 and k.
39
Let w(i) = -i**3 - 7*i**2 - 4*i + 41. Let p be w(-11). Let m = -554 + p. Calculate the greatest common factor of 45 and m.
15
Let a(x) = -7*x**2 + 42*x - 17. Let n be a(5). Calculate the highest common divisor of 954 and n.
18
Suppose 40*r - 1398 = 6402. Calculate the highest common divisor of r and 2808.
39
Let f be 23*1 + (1443 - 1211). Suppose 0 = 4*l - 3*p - 423, l - 5*p - 110 = -0*l. What is the highest common divisor of f and l?
15
Suppose 0 = 4*v - 0*v - 84. Suppose -5*h + v = 6. Suppose 22*r = -5 + 71. What is the highest common divisor of r and h?
3
Suppose 6560 + 3529 = 57*p. What is the highest common divisor of 5959 and p?
59
Let y(b) = -2*b**3 - 25*b**2 - 11*b + 12. Let g be y(-12). Suppose 0*a = 5*d - 4*a - 13, g = -3*a + 9. Calculate the greatest common divisor of d and 25.
5
Suppose -3*s + 2*n = -5726, 2*s + 36*n = 32*n + 3780. Calculate the highest common factor of s and 756.
28
Suppose 4*h - 250*h + 369246 = 0. Calculate the highest common divisor of h and 19.
19
Suppose -4*p + 8852 = -p + m, 4*m + 2942 = p. What is the highest common factor of 25 and p?
25
Suppose 2*o = 3*s - 327 + 108, 0 = 2*s - 4*o - 138. Calculate the greatest common factor of s and 36.
3
Let g(l) = 10*l**2 + 367*l - 369. Let h be g(1). Calculate the greatest common divisor of 19 and h.
1
Let d = 6111 + -3423. What is the highest common divisor of 21 and d?
21
Let p(o) = -o + 48. Let q be p(0). Let a be (-21)/7 - (7*4)/(-2). Suppose 12*t = a*t + 6. What is the greatest common divisor of q and t?
6
Let i = -47 + 29. Let w = i + 21. Suppose -2*u - 2*u - 3*z = -156, 5*u - w*z = 195. What is the greatest common factor of u and 13?
13
Let g(x) = -x**3 + 8*x**2 + 17*x - 50. Let s(t) = 5*t - 89. Let p be s(19). Let q be g(p). Calculate the greatest common divisor of 31 and q.
31
Let t = 5 + 4. Let m(p) = 9*p**3 + 2*p**2 + 1. Let q be m(2). Let s be (-6)/((-9)/(q/6)). Calculate the greatest common divisor of s and t.
9
Let u = 12375 - 6300. Calculate the greatest common factor of u and 25.
25
Let w be 22/3 + (-144)/108. Suppose 34*u = w*u + 280. What is the highest common factor of u and 80?
10
Let p(c) = 5*c + 15. Let h be p(-3). Suppose 7*n - 26*n + 247 = h. What is the highest common divisor of 13 and n?
13
Let n(r) = 24*r - 205. Let z(s) = -4*s + 34. Let l(x) = 6*n(x) + 34*z(x). Let y be l(22). What is the highest common factor of y and 238?
34
Let f = 338 + -333. Let q be (40 + -42)/((-1)/f). Suppose 0 = -4*h + 2*h + 50. What is the greatest common divisor of h and q?
5
Let v = -144 - -149. Suppose 2*f - 34 = 3*c - 17, 2*f = -v*c + 25. Calculate the highest common divisor of 270 and f.
10
Suppose -2*c + 156 = -4*p, -3*c - 120 = -p - 369. Let f(w) = -6*w. Let l be f(-8). Calculate the highest common divisor of l and c.
12
Let z(o) be the first derivative of -o**3/3 + 11*o**2/2 + 23*o + 121. Let w be z(12). What is the highest common factor of 9 and w?
1
Let q(y) = 45*y + 57*y - 8 - 87*y. Let g be q(2). Suppose -d + g = -3*l, -2*d - 2*l = l - 53. What is the greatest common factor of 10 and d?
5
Let p(s) = -109*s + 1323. Let f be p(12). Calculate the highest common factor of f and 573.
3
Let f be ((-5439)/(-28))/((-11)/(-88)). Calculate the greatest common divisor of f and 42.
42
Let x(q) = -2*q**3 + 22*q**2 - 27*q - 36. Let i be x(9). Let n(j) = j**3 - j**2 - 3*j. Let m be n(3). What is the greatest common factor of m and i?
9
Suppose 68 = 9*p - 697. Let m(q) = -q**2 + 7*q - 1. Let r be m(6). Suppose -p = -r*k + 35. What is the